{"id":8234,"date":"2019-06-09T20:39:55","date_gmt":"2019-06-09T23:39:55","guid":{"rendered":"http:\/\/autonomotor.cl\/?page_id=8234"},"modified":"2019-06-09T20:57:14","modified_gmt":"2019-06-09T23:57:14","slug":"quienes-somos","status":"publish","type":"page","link":"https:\/\/autonomotor.cl\/index.php\/quienes-somos\/","title":{"rendered":"Quienes somos"},"content":{"rendered":"<p>[vc_row el_class=&#8221;box_quienes&#8221;][vc_column][vc_custom_heading text=&#8221;Quienes somos&#8221; font_container=&#8221;tag:h2|text_align:center|line_height:20&#8243;][vc_column_text]A\u00fctonomotor es una empresa profesional que te ayuda a vender tu auto de manera virtual con la ventaja de que lo puedes seguir usando hasta el d\u00eda de la venta. La atenci\u00f3n es personalizada y satisface todas las necesidades en el \u00e1mbito automotriz.<\/p>\n<p>En nuestro equipo contamos con 20 a\u00f1os de experiencia en el rubro, de los cuales 10 han sido espec\u00edficamente en venta virtual, siendo de los pioneros en Chile.<\/p>\n<p>Llevamos m\u00e1s de 600 ventas y logramos mantener cautivos a nuestros clientes.<\/p>\n<p>\u201cNuestra mejor presentaci\u00f3n son nuestros propios clientes y su satisfacci\u00f3n\u201d[\/vc_column_text][\/vc_column][\/vc_row]<\/p>\n","protected":false},"excerpt":{"rendered":"<p>[vc_row el_class=&#8221;box_quienes&#8221;][vc_column][vc_custom_heading text=&#8221;Quienes somos&#8221; font_container=&#8221;tag:h2|text_align:center|line_height:20&#8243;][vc_column_text]A\u00fctonomotor es una empresa profesional que te ayuda a vender tu auto de manera virtual con la ventaja de que lo puedes seguir usando hasta el d\u00eda de la venta. La atenci\u00f3n es personalizada y satisface todas las necesidades en el \u00e1mbito automotriz. En nuestro equipo contamos con 20 a\u00f1os de [&hellip;]<\/p>\n","protected":false},"author":1,"featured_media":0,"parent":0,"menu_order":0,"comment_status":"closed","ping_status":"closed","template":"templates\/cardealer-without-header-footer.php","meta":{"footnotes":""},"class_list":["post-8234","page","type-page","status-publish","hentry"],"_links":{"self":[{"href":"https:\/\/autonomotor.cl\/index.php\/wp-json\/wp\/v2\/pages\/8234","targetHints":{"allow":["GET"]}}],"collection":[{"href":"https:\/\/autonomotor.cl\/index.php\/wp-json\/wp\/v2\/pages"}],"about":[{"href":"https:\/\/autonomotor.cl\/index.php\/wp-json\/wp\/v2\/types\/page"}],"author":[{"embeddable":true,"href":"https:\/\/autonomotor.cl\/index.php\/wp-json\/wp\/v2\/users\/1"}],"replies":[{"embeddable":true,"href":"https:\/\/autonomotor.cl\/index.php\/wp-json\/wp\/v2\/comments?post=8234"}],"version-history":[{"count":4,"href":"https:\/\/autonomotor.cl\/index.php\/wp-json\/wp\/v2\/pages\/8234\/revisions"}],"predecessor-version":[{"id":8249,"href":"https:\/\/autonomotor.cl\/index.php\/wp-json\/wp\/v2\/pages\/8234\/revisions\/8249"}],"wp:attachment":[{"href":"https:\/\/autonomotor.cl\/index.php\/wp-json\/wp\/v2\/media?parent=8234"}],"curies":[{"name":"wp","href":"https:\/\/api.w.org\/{rel}","templated":true}]}}